)?
3
Let q(u) = u**2 + 2*u + 7. Let h be q(-6). Let n = -24 + h. Let d = -159 + 165. What is the remainder when n is divided by d?
1
Suppose -f + 171 = 5*j, -2*f + 405 = -5*j + 3. What is the remainder when f is divided by -5*(-250)/30*24/20?
41
Let b = 53 - 21. Calculate the remainder when (35/((-1680)/(-1504)) + -13)/(1/12) is divided by b.
28
Let s = 54 + -54. Suppose -6*c - c = s. Suppose c*r + 5*r - 460 = 0. What is the remainder when r is divided by 24?
20
Suppose 2*u - 19 = 3*k, 8*u - 75 = 3*u + 2*k. Let r = -51191 - -51252. What is the remainder when r is divided by u?
10
Suppose -5*r - 668 = -3*w - 93, -4*w - 3*r + 786 = 0. Calculate the remainder when w is divided by 58.
21
Let z = 19 - -7. Let m = -17 + z. What is the remainder when -5 - -19 - (-6 + 3 - -3) is divided by m?
5
Suppose -6*k + 3386 = 1298. Let y = 498 - k. What is the remainder when y is divided by 40?
30
Suppose -5*w + 3268 = -3*u, 14*w + 1968 = 17*w - 3*u. Calculate the remainder when w is divided by 135.
110
Let k(a) = -90*a + 8. Let t be k(1). Let i = t + 187. Calculate the remainder when i is divided by 36.
33
Let s be (-4)/(32/(-68)) + (-21)/14. Calculate the remainder when 65 is divided by 29 + -7 + 6 + s.
30
Let v(t) = 6*t**2 + 11*t - 26. Let r be v(2). Suppose r*b - 16*b - 48 = 0. Calculate the remainder when 126 is divided by b.
6
Let q(w) = 18*w - 96. Calculate the remainder when 173 is divided by q(14).
17
Let a(x) = -x + 38. Let j be (-1 + 1)/(3 - 6/3). Let n be a(j). Suppose 0 = -36*v + n*v - 86. What is the remainder when v is divided by 9?
7
Suppose 0*s + 4*s = 72. Suppose 3*h - 93 = -3*p, -h + 28*p + 46 = 24*p. Calculate the remainder when h is divided by s.
16
Let t(g) = -42*g + 1. Let y(n) = -122*n + 2. Let f(v) = -7*t(v) + 2*y(v). Calculate the remainder when 128 is divided by f(1).
34
Let j(i) = -i**3 - i**2 + 2*i - 1. Let z be j(3). Let s be (-9 + 7)*-2 - 57 - -6. Let o = z - s. Calculate the remainder when 61 is divided by o.
13
Let i(t) = 3*t**2 + 12*t - 17*t**2 - 13 + 16*t**2 - t. What is the remainder when 73/5 - (-4)/10 is divided by i(-7)?
7
Let t(c) = -38*c - 1840. Calculate the remainder when 40 is divided by t(-49).
18
Suppose -815 - 358 = -7*u + 66. Calculate the remainder when u is divided by 9.
6
Let m(z) = z**2 - 9*z - 6. Let x be m(10). Suppose -h - 5*b - 91 = -287, 2*h + x*b = 416. What is the remainder when 34 is divided by (2/(-6))/((-8)/h)?
7
Let i be (-10)/25 + 54/10. Let g = i + 14. Calculate the remainder when 92 is divided by g.
16
What is the remainder when ((-76)/6)/1*9/(-3) is divided by (21/(-6))/(18/(-108))?
17
Let x(p) = 322*p - 3148. What is the remainder when x(10) is divided by 4/22 - 1638/(-66)?
22
Let i(k) = 85*k**2 - k + 8. Let n be i(2). Suppose 0 = 6*a + 28 - n. Calculate the remainder when a is divided by 4/(-26) - 732/(-26).
25
Let w = 5611 + -5605. What is the remainder when 98 is divided by w?
2
Suppose 313 - 1109 = -16*q + 452. Let o(r) = r**2 + 78. Calculate the remainder when o(0) is divided by q.
0
What is the remainder when (1615/408 - 3/(-72))*298 is divided by 574?
44
Let g = 49 - 47. Suppose 3*n - 5*i = -364, i - 118 = 3*n - g*n. Let a = n + 206. What is the remainder when a is divided by 19?
17
Suppose 3*y - 233 = 7*m, 531*y - 535*y = m - 259. What is the remainder when 2565 is divided by y?
57
Suppose 4*h - b = 19, b - 1 = -4*h + 12. Suppose y + 13 = 4*g, y + 8 - 10 = -g. Suppose 29 = -g*p + 140. Calculate the remainder when p is divided by h.
1
Suppose 0 = -i - 4*i - 4*k + 741, 4*k + 749 = 5*i. Suppose 7*y - i = -2. Calculate the remainder when 41 is divided by y.
20
Suppose b - 57 + 6 = 0. Suppose -2*k - 588 = -4*l, -17 = -2*l - 2*k + 307. What is the remainder when l is divided by b?
50
Let y = -11164 - -11544. What is the remainder when y is divided by 172?
36
Let q(m) = 2*m**2 - 3*m - 5. Calculate the remainder when q(20) is divided by 16.
15
Let q(g) = -g**3 - 6*g**2 + 8*g + 1. Let x be q(-7). Let u be (1 + (-12)/(-2))*2/7. Calculate the remainder when (256/x)/u*(-3 - 0) is divided by 13.
12
Suppose 2*l + 81 = 4*l - c, 4*c = 3*l - 124. Let z = 11885 + -11792. What is the remainder when z is divided by l?
13
Let x(j) = 3*j**3 - 3*j**2 - 9*j + 26. Let m(g) = -g**2 + 2*g + 40. Let v be m(-5). Calculate the remainder when x(v) is divided by 18.
11
Let p(s) = 2*s**3 + 2*s**2 + 2*s - 3. Let o(z) = z**3 - 22*z**2 + 7*z - 46. Let f be o(22). Let b = 179 - f. What is the remainder when b is divided by p(2)?
21
Let y(r) = -r**3 - 14*r**2 - 22*r - 32. Let d be y(-13). Let a = -60 + d. Calculate the remainder when a is divided by 13.
12
Let l be 0 - ((-150)/18 + (-4)/6). Suppose 4*z + 151 = 5*t, -5*t + 2*z + 154 = z. Calculate the remainder when t is divided by (9 + -1)*(-8 + l).
7
Let x = 3527 - 3424. What is the remainder when 4220 is divided by x?
100
Let n(u) = -11*u. Suppose 890*r = -210*r + 343*r + 10598. Calculate the remainder when n(-5) is divided by r.
13
Suppose -52 = -l + 5*m, 23*l = 27*l - 5*m - 283. What is the remainder when 533 is divided by l?
71
Suppose -4520 + 8661 = 66*d - 6221. Calculate the remainder when d is divided by 51.
4
Let p = -122 - -125. Let z be (4/12)/(1/(-9)). What is the remainder when (-19)/z + (-4)/(-6) is divided by p?
1
Suppose -3*x = -56 + 14. Suppose o = 4*b + 4 - 73, -255 = 5*o - 2*b. Let w = x - o. Calculate the remainder when w is divided by 16.
15
Let k(z) = 8*z - 12. Let c(f) = f**3 + 5*f**2 + 3*f - 4. Let x be c(-3). Calculate the remainder when (196 + -487)*2/(-3) is divided by k(x).
26
Suppose -3*s = -4*p + 2594, 0 = p - 6*s + 49 - 729. What is the remainder when p is divided by 12?
8
Let o = 2734 - 2682. What is the remainder when 107 is divided by o?
3
Let m = 4231 - 4217. What is the remainder when 10301 is divided by m?
11
Let r = -40 - -38. Let i(o) = 21*o + 97. Suppose -677 = -4*p - 25. What is the remainder when p is divided by i(r)?
53
Let q(m) = 248*m**2 - 405*m + 5. Calculate the remainder when q(7) is divided by 15.
7
Let a = 16744 + -11350. What is the remainder when a is divided by 142?
140
Suppose t - 88*a - 51 = -93*a, 42 = 2*t - 2*a. Let f(m) = 27*m**3 - 2*m**2 - m - 2. Calculate the remainder when f(2) is divided by t.
22
Suppose 4*a - 224 = -4*p, -8*a = -3*a - p - 250. Calculate the remainder when 141 is divided by a.
39
Let p(z) = -z**2 + 10*z - 19. Let b be p(8). What is the remainder when 18 is divided by b*((-300)/18)/10?
3
Suppose 5*y + 0*z = -2*z + 621, 0 = -4*y - 5*z + 490. Suppose 0 = 6*m + y - 395. What is the remainder when 403 is divided by m?
43
Let p(q) = q**3 + 9*q + 2*q**3 - 5*q**3 + 24. Calculate the remainder when p(-3) is divided by 35.
16
Let w = 106 - 78. Calculate the remainder when 31/((-3255)/1080)*14/(-4) is divided by w.
8
Suppose -5*f + 15 - 190 = -z, 7*f = 3*z - 549. Calculate the remainder when 374 is divided by z.
184
Let s(w) = 14*w + 119. Let d be s(25). Suppose -133 + d = 7*b. What is the remainder when 64 is divided by b?
16
Let x(i) be the second derivative of i**5/20 + i**4/3 - 5*i**3/6 + i**2 + 2*i. Calculate the remainder when (60/(-14))/(6 - 855/140) is divided by x(-4).
18
Let i be (-5 - -3)/(-4 - 888/(-224)). Calculate the remainder when 334 is divided by (70/i)/((1/4)/1).
4
Suppose 0 = d - 5. Let t = d + 3. What is the remainder when (5270/680)/((4/2)/8) is divided by t?
7
Suppose -116*o + 119*o - 145 = l, 83 = o + 4*l. What is the remainder when 732 is divided by o?
18
Suppose 62*k - 45*k - 119 = 0. Suppose -2*v - 613 = -5*r, -472 = -4*r - 10*v + k*v. What is the remainder when r is divided by 35?
16
Let v(n) = n**3 + n - 1. Let s(r) = -4*r**3 + 4*r**2 - 8*r + 1. Let j(k) = -s(k) - 3*v(k). Calculate the remainder when j(4) is divided by 12.
10
What is the remainder when (-2)/(-38) - (-30702)/399 is divided by 58?
19
Suppose -5*m - 6325 = -4*x, 0 = -5*x + m + 11742 - 3862. What is the remainder when x is divided by 394?
393
Let i(g) = 3*g**3 + 12*g**2 - 6*g - 14. Suppose -3*m = -4*w + 17, 2*m + 12 = -5*w + 39. Let y(u) = 7*u + 4. What is the remainder when y(w) is divided by i(-4)?
9
Suppose 4*c + 64 = -4*x, 4*x + 18*c = 16*c - 62. What is the remainder when -4 + x/(-4) - 11694/(-24) is divided by 49?
46
Calculate the remainder when 627 is divided by (-6)/7*-140*(-9)/(-72).
12
Let j be 79/2*3